{"id":2,"date":"2021-07-27T14:21:21","date_gmt":"2021-07-27T17:21:21","guid":{"rendered":"http:\/\/capixabamix.com.br\/?page_id=2"},"modified":"2021-09-11T13:51:34","modified_gmt":"2021-09-11T16:51:34","slug":"pagina-exemplo","status":"publish","type":"page","link":"http:\/\/capixabamix.com.br\/index.php\/pagina-exemplo\/","title":{"rendered":"Capixaba Mix"},"content":{"rendered":"\r\n<p><b><i>A R\u00c1DIO DO SEU JEITO!<\/i><\/b><\/p>\r\n<p>&nbsp;<\/p>\r\n\r\n<div id=\"audioigniter-208\" class=\"audioigniter-root \" data-player-type=\"full\" data-tracks-url=\"http:\/\/capixabamix.com.br\/?audioigniter_playlist_id=208\" data-display-track-no=\"false\" data-reverse-track-order=\"false\" data-display-tracklist-covers=\"true\" data-display-active-cover=\"false\" data-display-artist-names=\"true\" data-display-buy-buttons=\"false\" data-buy-buttons-target=\"false\" data-cycle-tracks=\"false\" data-display-credits=\"false\" data-display-tracklist=\"true\" data-allow-tracklist-toggle=\"true\" data-allow-tracklist-loop=\"false\" data-limit-tracklist-height=\"true\" data-volume=\"100\" data-tracklist-height=\"50\" ><\/div>\r\n\r\n<blockquote class=\"wp-block-quote is-layout-flow wp-block-quote-is-layout-flow\">\r\n<p>Chegou a <strong>CAPIXABA MIX<\/strong> para deixar o seu dia muito mais alegre com o melhor do Sertanejo atual, com uma programa\u00e7\u00e3o alegre, recheada de novidades, m\u00fasica para matar a saudade, e voc\u00ea que gosta de samba e pagode, vai rolar por aqui tamb\u00e9m porque aqui \u00e9 do seu jeito, a R\u00e1dio que chegou pra ficar nos cora\u00e7\u00f5es dos Capixabas!<br \/>Capixaba MIX aqui \u00e9 do seu Jeito!<\/p>\r\n<\/blockquote>\r\n\r\n\r\n\r\n<p><strong>ou\u00e7a do seu jeito baixe o aplicativo em seu Smartphone e ou\u00e7a em qualquer lugar:<\/strong><\/p>\r\n\r\n\r\n\r\n<p><a href=\"http:\/\/www.radiosnet.com\" target=\"_blank\" rel=\"noopener\"><img loading=\"lazy\" decoding=\"async\" src=\"https:\/\/img.radios.com.br\/divulgue\/app-radiosnet-468x60-a.jpg\" alt=\"Para ouvir nossa r\u00e1dio, baixe o aplicativo RadiosNet para celulares e tablets com Android ou iPhone\/iPads.\" width=\"468\" height=\"60\" border=\"0\" \/><\/a><\/p>\r\n<!-- in\u00edcio banner CX Radio 468x60px-->\r\n<p><a href=\"https:\/\/www.cxradio.com.br\" target=\"_blank\" rel=\"noopener\"><img loading=\"lazy\" decoding=\"async\" src=\"http:\/\/www.cxradio.com.br\/banners\/468x60-01.jpg\" alt=\"cxradio.com.br\" width=\"468\" height=\"60\" border=\"0\" \/><\/a><\/p>\r\n<!-- fim banner CX Radio 468x60px -->\r\n\r\n\r\n<blockquote class=\"wp-block-quote is-layout-flow wp-block-quote-is-layout-flow\"><strong>A R\u00e1dio dos Capixabas est\u00e1 no AR 24h fazendo do seu Jeito!<\/strong><\/blockquote>\r\n<blockquote><strong>VIT\u00d3RIA &#8211; ESP\u00cdRITO SANTO &#8211; BRASIL<\/strong><\/blockquote>\r\n\r\n\r\n\r\n<p><strong><img loading=\"lazy\" decoding=\"async\" class=\"alignnone size-full wp-image-71\" src=\"http:\/\/capixabamix.com.br\/wp-content\/uploads\/2021\/08\/radiosnanet_com-logo_PnG.png\" alt=\"\" width=\"233\" height=\"230\" \/><\/strong><\/p>\r\n","protected":false},"excerpt":{"rendered":"<p>A R\u00c1DIO DO SEU JEITO! &nbsp; Chegou a CAPIXABA MIX para deixar o seu dia muito mais alegre com o [&hellip;]<\/p>\n","protected":false},"author":1,"featured_media":0,"parent":0,"menu_order":0,"comment_status":"closed","ping_status":"open","template":"","meta":{"footnotes":""},"class_list":["post-2","page","type-page","status-publish","hentry"],"_links":{"self":[{"href":"http:\/\/capixabamix.com.br\/index.php\/wp-json\/wp\/v2\/pages\/2","targetHints":{"allow":["GET"]}}],"collection":[{"href":"http:\/\/capixabamix.com.br\/index.php\/wp-json\/wp\/v2\/pages"}],"about":[{"href":"http:\/\/capixabamix.com.br\/index.php\/wp-json\/wp\/v2\/types\/page"}],"author":[{"embeddable":true,"href":"http:\/\/capixabamix.com.br\/index.php\/wp-json\/wp\/v2\/users\/1"}],"replies":[{"embeddable":true,"href":"http:\/\/capixabamix.com.br\/index.php\/wp-json\/wp\/v2\/comments?post=2"}],"version-history":[{"count":23,"href":"http:\/\/capixabamix.com.br\/index.php\/wp-json\/wp\/v2\/pages\/2\/revisions"}],"predecessor-version":[{"id":210,"href":"http:\/\/capixabamix.com.br\/index.php\/wp-json\/wp\/v2\/pages\/2\/revisions\/210"}],"wp:attachment":[{"href":"http:\/\/capixabamix.com.br\/index.php\/wp-json\/wp\/v2\/media?parent=2"}],"curies":[{"name":"wp","href":"https:\/\/api.w.org\/{rel}","templated":true}]}}